{"id":67,"date":"2021-01-05T12:57:31","date_gmt":"2021-01-05T12:57:31","guid":{"rendered":"https:\/\/dev74.alhc.de\/?page_id=67"},"modified":"2021-01-05T13:02:14","modified_gmt":"2021-01-05T13:02:14","slug":"faq","status":"publish","type":"page","link":"https:\/\/abjetzt.yoga\/index.php\/faq\/","title":{"rendered":"FAQ"},"content":{"rendered":"<section class=\"wpb-content-wrapper\"><section class=\"l-section wpb_row height_medium\"><div class=\"l-section-h i-cf\"><div class=\"g-cols vc_row type_default valign_top\"><div class=\"vc_col-sm-12 wpb_column vc_column_container\"><div class=\"vc_column-inner\"><div class=\"wpb_wrapper\"><div class=\"wpb_text_column\" ><div class=\"wpb_wrapper\"><h3>H\u00e4ufig gestellte Fragen<\/h3>\n<\/div><\/div><div class=\"w-separator size_small\"><\/div><div class=\"w-tabs style_default switch_click accordion has_scrolling title_atleft icon_chevron iconpos_right\"><div class=\"w-tabs-sections\"><div class=\"w-tabs-sections-h\"><div class=\"w-tabs-section\" id=\"1602843867688-c46f6d5d-4e61\" itemscope itemprop=\"mainEntity\" itemtype=\"https:\/\/schema.org\/Question\"><button aria-controls=\"content-1602843867688-c46f6d5d-4e61\" class=\"w-tabs-section-header\"><div class=\"w-tabs-section-header-h\"><div class=\"w-tabs-section-title\" itemprop=\"name\">Was bedeutet die Zulassung nach Paragraph 20 SGB V?<\/div><div class=\"w-tabs-section-control\"><\/div><\/div><\/button><div class=\"w-tabs-section-content\" id=\"content-1602843867688-c46f6d5d-4e61\" aria-expanded=\"false\" itemscope itemprop=\"acceptedAnswer\" itemtype=\"https:\/\/schema.org\/Answer\"><div class=\"w-tabs-section-content-h i-cf\" itemprop=\"text\"><div class=\"wpb_text_column\" ><div class=\"wpb_wrapper\"><p>Pr\u00e4ventionskurse die nach Paragraph 20 SGB V zertifiziert sind, wurden von der Zentralen Pr\u00fcfstelle Pr\u00e4vention ausgezeichnet. Daher \u00fcbernehmen Krankenkassen zwischen 80 und 100% der Kosten.<\/p>\n<\/div><\/div><\/div><\/div><\/div><div class=\"w-tabs-section\" id=\"1602843867697-c92da481-2426\" itemscope itemprop=\"mainEntity\" itemtype=\"https:\/\/schema.org\/Question\"><button aria-controls=\"content-1602843867697-c92da481-2426\" class=\"w-tabs-section-header\"><div class=\"w-tabs-section-header-h\"><div class=\"w-tabs-section-title\" itemprop=\"name\">Wie erh\u00e4lt man sein Geld von der Krankenkasse?<\/div><div class=\"w-tabs-section-control\"><\/div><\/div><\/button><div class=\"w-tabs-section-content\" id=\"content-1602843867697-c92da481-2426\" aria-expanded=\"false\" itemscope itemprop=\"acceptedAnswer\" itemtype=\"https:\/\/schema.org\/Answer\"><div class=\"w-tabs-section-content-h i-cf\" itemprop=\"text\"><div class=\"wpb_text_column\" ><div class=\"wpb_wrapper\"><p>Nachdem Du einen Pr\u00e4ventionskurs abgeschlossen hast, erh\u00e4ltst Du eine Teilnahmebescheinigung. Diese kannst Du einfach bei Deiner Krankenkasse einreichen. Das geht meist ganz einfach per Mail oder Post.<\/p>\n<\/div><\/div><\/div><\/div><\/div><div class=\"w-tabs-section\" id=\"1602843996364-8d6e9e6b-bd7b\" itemscope itemprop=\"mainEntity\" itemtype=\"https:\/\/schema.org\/Question\"><button aria-controls=\"content-1602843996364-8d6e9e6b-bd7b\" class=\"w-tabs-section-header\"><div class=\"w-tabs-section-header-h\"><div class=\"w-tabs-section-title\" itemprop=\"name\">Wie lange dauern die Pr\u00e4ventionskurse?<\/div><div class=\"w-tabs-section-control\"><\/div><\/div><\/button><div class=\"w-tabs-section-content\" id=\"content-1602843996364-8d6e9e6b-bd7b\" aria-expanded=\"false\" itemscope itemprop=\"acceptedAnswer\" itemtype=\"https:\/\/schema.org\/Answer\"><div class=\"w-tabs-section-content-h i-cf\" itemprop=\"text\"><div class=\"wpb_text_column\" ><div class=\"wpb_wrapper\"><p>Die Pr\u00e4ventionskurse von ABJETZT dauern zehn Wochen. Jede Woche kannst Du Dir ein neues Trainingsvideo anschauen.<\/p>\n<\/div><\/div><\/div><\/div><\/div><div class=\"w-tabs-section\" id=\"1602843997707-e7e183e4-f20a\" itemscope itemprop=\"mainEntity\" itemtype=\"https:\/\/schema.org\/Question\"><button aria-controls=\"content-1602843997707-e7e183e4-f20a\" class=\"w-tabs-section-header\"><div class=\"w-tabs-section-header-h\"><div class=\"w-tabs-section-title\" itemprop=\"name\">Was passiert, wenn man die zehn Wochen \u00fcberschreitet?<\/div><div class=\"w-tabs-section-control\"><\/div><\/div><\/button><div class=\"w-tabs-section-content\" id=\"content-1602843997707-e7e183e4-f20a\" aria-expanded=\"false\" itemscope itemprop=\"acceptedAnswer\" itemtype=\"https:\/\/schema.org\/Answer\"><div class=\"w-tabs-section-content-h i-cf\" itemprop=\"text\"><div class=\"wpb_text_column\" ><div class=\"wpb_wrapper\"><p>Grunds\u00e4tzlich solltest Du versuchen, die Kurse in zehn Wochen fertig zu trainieren. Wenn Du aufgrund einer Krankheit pausieren musst, hast Du zus\u00e4tzlich eine Zeitspanne von zwei Wochen, in denen Du die Kurseinheiten nachholen kannst.<\/p>\n<\/div><\/div><\/div><\/div><\/div><div class=\"w-tabs-section\" id=\"1602843998715-74d02189-8c5a\" itemscope itemprop=\"mainEntity\" itemtype=\"https:\/\/schema.org\/Question\"><button aria-controls=\"content-1602843998715-74d02189-8c5a\" class=\"w-tabs-section-header\"><div class=\"w-tabs-section-header-h\"><div class=\"w-tabs-section-title\" itemprop=\"name\">Welche Browser werden unterst\u00fctzt?<\/div><div class=\"w-tabs-section-control\"><\/div><\/div><\/button><div class=\"w-tabs-section-content\" id=\"content-1602843998715-74d02189-8c5a\" aria-expanded=\"false\" itemscope itemprop=\"acceptedAnswer\" itemtype=\"https:\/\/schema.org\/Answer\"><div class=\"w-tabs-section-content-h i-cf\" itemprop=\"text\"><div class=\"wpb_text_column\" ><div class=\"wpb_wrapper\"><p>Unsere online &#8211; Pr\u00e4ventionskurse kannst Du \u00fcber folgende Browser abrufen: Chrome, Firefox, Safari, Internet Explorer (ab Version 9) sowie Microsoft Edge.<\/p>\n<\/div><\/div><\/div><\/div><\/div><div class=\"w-tabs-section\" id=\"1602844146141-b52b75c7-7b90\" itemscope itemprop=\"mainEntity\" itemtype=\"https:\/\/schema.org\/Question\"><button aria-controls=\"content-1602844146141-b52b75c7-7b90\" class=\"w-tabs-section-header\"><div class=\"w-tabs-section-header-h\"><div class=\"w-tabs-section-title\" itemprop=\"name\">Lassen sich Videos \u00f6fter ansehen?<\/div><div class=\"w-tabs-section-control\"><\/div><\/div><\/button><div class=\"w-tabs-section-content\" id=\"content-1602844146141-b52b75c7-7b90\" aria-expanded=\"false\" itemscope itemprop=\"acceptedAnswer\" itemtype=\"https:\/\/schema.org\/Answer\"><div class=\"w-tabs-section-content-h i-cf\" itemprop=\"text\"><div class=\"wpb_text_column\" ><div class=\"wpb_wrapper\"><p>W\u00e4hrend deines Trainings kannst Du einzelne Kursabschnitte jederzeit wiederholen. Wenn Du den Kurs erfolgreich beendet hast, dann hast Du keinen Zugriff mehr auf die Kursinhalte.<\/p>\n<\/div><\/div><\/div><\/div><\/div><div class=\"w-tabs-section\" id=\"1602844178321-e618ead5-c41a\" itemscope itemprop=\"mainEntity\" itemtype=\"https:\/\/schema.org\/Question\"><button aria-controls=\"content-1602844178321-e618ead5-c41a\" class=\"w-tabs-section-header\"><div class=\"w-tabs-section-header-h\"><div class=\"w-tabs-section-title\" itemprop=\"name\">Was machst Du, wenn Du pl\u00f6tzlich Schmerzen w\u00e4hrend des Trainings hast?<\/div><div class=\"w-tabs-section-control\"><\/div><\/div><\/button><div class=\"w-tabs-section-content\" id=\"content-1602844178321-e618ead5-c41a\" aria-expanded=\"false\" itemscope itemprop=\"acceptedAnswer\" itemtype=\"https:\/\/schema.org\/Answer\"><div class=\"w-tabs-section-content-h i-cf\" itemprop=\"text\"><div class=\"wpb_text_column\" ><div class=\"wpb_wrapper\"><p>Wenn Du Schmerzen hast oder Dich unwohl f\u00fchlst, solltest Du den Kurs sofort unterbrechen. Vor jeder Trainingseinheit wirst Du gefragt, ob Du Dich gut und fit genug f\u00fcr die kommende Trainingseinheit f\u00fchlst. Falls nicht, dann kannst Du die Trainingseinheit nicht starten. Du wirst gebeten, die Trainingseinheit zu stoppen und es sp\u00e4ter erneut zu versuchen.<\/p>\n<\/div><\/div><\/div><\/div><\/div><div class=\"w-tabs-section\" id=\"1602844284076-0c8ac55a-0e05\" itemscope itemprop=\"mainEntity\" itemtype=\"https:\/\/schema.org\/Question\"><button aria-controls=\"content-1602844284076-0c8ac55a-0e05\" class=\"w-tabs-section-header\"><div class=\"w-tabs-section-header-h\"><div class=\"w-tabs-section-title\" itemprop=\"name\">Sind die Kurse f\u00fcr jeden geeignet?<\/div><div class=\"w-tabs-section-control\"><\/div><\/div><\/button><div class=\"w-tabs-section-content\" id=\"content-1602844284076-0c8ac55a-0e05\" aria-expanded=\"false\" itemscope itemprop=\"acceptedAnswer\" itemtype=\"https:\/\/schema.org\/Answer\"><div class=\"w-tabs-section-content-h i-cf\" itemprop=\"text\"><div class=\"wpb_text_column\" ><div class=\"wpb_wrapper\"><p>Grunds\u00e4tzlich sind die Kurse f\u00fcr jeden geeignet. Egal wie alt du bist.<\/p>\n<\/div><\/div><\/div><\/div><\/div><div class=\"w-tabs-section\" id=\"1602844316378-addae4ea-607f\" itemscope itemprop=\"mainEntity\" itemtype=\"https:\/\/schema.org\/Question\"><button aria-controls=\"content-1602844316378-addae4ea-607f\" class=\"w-tabs-section-header\"><div class=\"w-tabs-section-header-h\"><div class=\"w-tabs-section-title\" itemprop=\"name\">Wie kannst Du die Kurse zahlen?<\/div><div class=\"w-tabs-section-control\"><\/div><\/div><\/button><div class=\"w-tabs-section-content\" id=\"content-1602844316378-addae4ea-607f\" aria-expanded=\"false\" itemscope itemprop=\"acceptedAnswer\" itemtype=\"https:\/\/schema.org\/Answer\"><div class=\"w-tabs-section-content-h i-cf\" itemprop=\"text\"><div class=\"wpb_text_column\" ><div class=\"wpb_wrapper\"><p>Du kannst entscheiden, wie Du den ausgew\u00e4hlten Pr\u00e4ventionskurs bezahlen m\u00f6chtest. Dir stehen dazu folgende M\u00f6glichkeiten zur Auswahl: Paypal oder Rechnung. Bitte bedenke auch, dass Du lediglich in Vorkasse gehen musst, denn Deine Krankenkasse wird sich auf jeden Fall an den Kosten beteiligen.<\/p>\n<\/div><\/div><\/div><\/div><\/div><div class=\"w-tabs-section\" id=\"1602844347707-7848fe28-75f5\" itemscope itemprop=\"mainEntity\" itemtype=\"https:\/\/schema.org\/Question\"><button aria-controls=\"content-1602844347707-7848fe28-75f5\" class=\"w-tabs-section-header\"><div class=\"w-tabs-section-header-h\"><div class=\"w-tabs-section-title\" itemprop=\"name\">Kannst Du zus\u00e4tzlich Sport machen?<\/div><div class=\"w-tabs-section-control\"><\/div><\/div><\/button><div class=\"w-tabs-section-content\" id=\"content-1602844347707-7848fe28-75f5\" aria-expanded=\"false\" itemscope itemprop=\"acceptedAnswer\" itemtype=\"https:\/\/schema.org\/Answer\"><div class=\"w-tabs-section-content-h i-cf\" itemprop=\"text\"><div class=\"wpb_text_column\" ><div class=\"wpb_wrapper\"><p>Nat\u00fcrlich kannst Du neben den Pr\u00e4ventionskursen auch Sport machen. Wichtig ist nur, dass Du nicht \u00fcbertreibst. Dein K\u00f6rper braucht n\u00e4mlich auch Ruhephasen, damit sich die Muskeln regenerieren k\u00f6nnen. Deswegen lege ruhig mal einen trainingsfreien Tag ein.<\/p>\n<\/div><\/div><\/div><\/div><\/div><div class=\"w-tabs-section\" id=\"1602844376258-c5026096-0264\" itemscope itemprop=\"mainEntity\" itemtype=\"https:\/\/schema.org\/Question\"><button aria-controls=\"content-1602844376258-c5026096-0264\" class=\"w-tabs-section-header\"><div class=\"w-tabs-section-header-h\"><div class=\"w-tabs-section-title\" itemprop=\"name\">Kannst Du Dir die Kursinhalte speichern oder downloaden?<\/div><div class=\"w-tabs-section-control\"><\/div><\/div><\/button><div class=\"w-tabs-section-content\" id=\"content-1602844376258-c5026096-0264\" aria-expanded=\"false\" itemscope itemprop=\"acceptedAnswer\" itemtype=\"https:\/\/schema.org\/Answer\"><div class=\"w-tabs-section-content-h i-cf\" itemprop=\"text\"><div class=\"wpb_text_column\" ><div class=\"wpb_wrapper\"><p>Wir stellen Dir zu in jedem Kurs zu jeder Kursstunde passendes Infomaterial zur Verf\u00fcgung, das Du Dir w\u00e4hrend der Kurslaufzeit herunterladen kannst. Die Videos kannst Du Dir nicht herunterladen oder abspeichern. Diese stehen Dir ausschlie\u00dflich w\u00e4hrend der Kurslaufzeit zur Verf\u00fcgung.<\/p>\n<\/div><\/div><\/div><\/div><\/div><\/div><\/div><\/div><\/div><\/div><\/div><\/div><\/div><\/section>\n<\/section>","protected":false},"excerpt":{"rendered":"H\u00e4ufig gestellte Fragen Was bedeutet die Zulassung nach Paragraph 20 SGB V?Pr\u00e4ventionskurse die nach Paragraph 20 SGB V zertifiziert sind, wurden von der Zentralen Pr\u00fcfstelle Pr\u00e4vention ausgezeichnet. Daher \u00fcbernehmen Krankenkassen zwischen 80 und 100% der Kosten. Wie erh\u00e4lt man sein Geld von der Krankenkasse?Nachdem Du einen Pr\u00e4ventionskurs abgeschlossen hast, erh\u00e4ltst Du eine Teilnahmebescheinigung. Diese kannst...","protected":false},"author":2,"featured_media":0,"parent":0,"menu_order":0,"comment_status":"closed","ping_status":"closed","template":"","meta":{"footnotes":""},"_links":{"self":[{"href":"https:\/\/abjetzt.yoga\/index.php\/wp-json\/wp\/v2\/pages\/67"}],"collection":[{"href":"https:\/\/abjetzt.yoga\/index.php\/wp-json\/wp\/v2\/pages"}],"about":[{"href":"https:\/\/abjetzt.yoga\/index.php\/wp-json\/wp\/v2\/types\/page"}],"author":[{"embeddable":true,"href":"https:\/\/abjetzt.yoga\/index.php\/wp-json\/wp\/v2\/users\/2"}],"replies":[{"embeddable":true,"href":"https:\/\/abjetzt.yoga\/index.php\/wp-json\/wp\/v2\/comments?post=67"}],"version-history":[{"count":3,"href":"https:\/\/abjetzt.yoga\/index.php\/wp-json\/wp\/v2\/pages\/67\/revisions"}],"predecessor-version":[{"id":81,"href":"https:\/\/abjetzt.yoga\/index.php\/wp-json\/wp\/v2\/pages\/67\/revisions\/81"}],"wp:attachment":[{"href":"https:\/\/abjetzt.yoga\/index.php\/wp-json\/wp\/v2\/media?parent=67"}],"curies":[{"name":"wp","href":"https:\/\/api.w.org\/{rel}","templated":true}]}}